{"id":188,"date":"2024-03-12T19:30:06","date_gmt":"2024-03-12T18:30:06","guid":{"rendered":"https:\/\/schwarzwaldverein-bonndorf.de\/?page_id=188"},"modified":"2026-03-17T20:07:36","modified_gmt":"2026-03-17T19:07:36","slug":"wanderwege","status":"publish","type":"page","link":"https:\/\/schwarzwaldverein-bonndorf.de\/?page_id=188","title":{"rendered":"Wanderwege"},"content":{"rendered":"\n<h2 class=\"wp-block-heading\">Auf den Wegen des Schwarzwaldvereins<\/h2>\n\n\n\n<p>Das Planen und Markieren von Wanderwegen ist eine wichtige Kompetenz des Schwarzwaldvereins. \u00dcber 23.000 km Wege und Pfade sind mit unseren farbigen Rauten ausgeschildert und ziehen ein engmaschiges Netz \u00fcber den Schwarzwald und seine angrenzenden Regionen. <\/p>\n\n\n\n<p>Das Markierungssystem, das der Schwarzwaldverein im Jahr 2000 entwickelt und umgesetzt hat, ist im echten Wortsinn ein richtungsweisendes Konzept, das den Schwarzwald als einheitlich gekennzeichnete Wanderregion einzigartig macht. <\/p>\n\n\n\n<p>Die Ortsgruppe Bonndorf k\u00fcmmert sich seit 1904 um Wege und Stege in der Wutachschlucht zwischen Schattenm\u00fchle und Wutachm\u00fchle, ebenso auch in der Lotenbachklamm.<\/p>\n\n\n\n<figure class=\"wp-block-image size-full\"><img fetchpriority=\"high\" decoding=\"async\" width=\"1100\" height=\"691\" src=\"https:\/\/schwarzwaldverein-bonndorf.de\/wp-content\/uploads\/2024\/05\/Wegenetz-des-OV-Bonndorf1.png\" alt=\"\" class=\"wp-image-554\" srcset=\"https:\/\/schwarzwaldverein-bonndorf.de\/wp-content\/uploads\/2024\/05\/Wegenetz-des-OV-Bonndorf1.png 1100w, https:\/\/schwarzwaldverein-bonndorf.de\/wp-content\/uploads\/2024\/05\/Wegenetz-des-OV-Bonndorf1-300x188.png 300w, https:\/\/schwarzwaldverein-bonndorf.de\/wp-content\/uploads\/2024\/05\/Wegenetz-des-OV-Bonndorf1-768x482.png 768w\" sizes=\"(max-width: 1100px) 100vw, 1100px\" \/><\/figure>\n\n\n\n<figure class=\"wp-block-image size-full\"><img decoding=\"async\" width=\"1590\" height=\"889\" src=\"https:\/\/schwarzwaldverein-bonndorf.de\/wp-content\/uploads\/2025\/04\/Wanderwege.png\" alt=\"\" class=\"wp-image-736\" srcset=\"https:\/\/schwarzwaldverein-bonndorf.de\/wp-content\/uploads\/2025\/04\/Wanderwege.png 1590w, https:\/\/schwarzwaldverein-bonndorf.de\/wp-content\/uploads\/2025\/04\/Wanderwege-300x168.png 300w, https:\/\/schwarzwaldverein-bonndorf.de\/wp-content\/uploads\/2025\/04\/Wanderwege-768x429.png 768w, https:\/\/schwarzwaldverein-bonndorf.de\/wp-content\/uploads\/2025\/04\/Wanderwege-1536x859.png 1536w\" sizes=\"(max-width: 1590px) 100vw, 1590px\" \/><\/figure>\n\n\n\n<h2 class=\"wp-block-heading\">Unterhaltungseinsatz<\/h2>\n\n\n\n<p>Mit dem ehrenamtlichen Engagement unserer Wegwarte und reichlich professionellem Know-How planen, markieren und pflegen wir die Wege und Pfade f\u00fcr Ihr Wandervergn\u00fcgen.Durch die \u201cArbeitsgemeinschaft Wanderwege Wutachschlucht\u201d ist die Wegepflege finanziell gesichert. Gemeinden Schwarzwaldverein und Regierungspr\u00e4sidium beteiligen sich an den Kosten. Die Mittel werden von einer Gesch\u00e4ftsstelle bei der Ortsgruppe Bonndorf bewirtschaftet.<\/p>\n\n\n\n<div class=\"wp-block-columns is-layout-flex wp-container-core-columns-is-layout-9d6595d7 wp-block-columns-is-layout-flex\">\n<div class=\"wp-block-column is-layout-flow wp-block-column-is-layout-flow\">\n<figure class=\"wp-block-image size-full\"><img decoding=\"async\" width=\"2000\" height=\"1335\" src=\"https:\/\/schwarzwaldverein-bonndorf.de\/wp-content\/uploads\/2024\/03\/MSW8055.jpg\" alt=\"\" class=\"wp-image-374\" srcset=\"https:\/\/schwarzwaldverein-bonndorf.de\/wp-content\/uploads\/2024\/03\/MSW8055.jpg 2000w, https:\/\/schwarzwaldverein-bonndorf.de\/wp-content\/uploads\/2024\/03\/MSW8055-300x200.jpg 300w, https:\/\/schwarzwaldverein-bonndorf.de\/wp-content\/uploads\/2024\/03\/MSW8055-768x513.jpg 768w, https:\/\/schwarzwaldverein-bonndorf.de\/wp-content\/uploads\/2024\/03\/MSW8055-1536x1025.jpg 1536w, https:\/\/schwarzwaldverein-bonndorf.de\/wp-content\/uploads\/2024\/03\/MSW8055-272x182.jpg 272w\" sizes=\"(max-width: 2000px) 100vw, 2000px\" \/><\/figure>\n<\/div>\n\n\n\n<div class=\"wp-block-column is-layout-flow wp-block-column-is-layout-flow\">\n<figure class=\"wp-block-image size-full\"><img loading=\"lazy\" decoding=\"async\" width=\"2000\" height=\"1331\" src=\"https:\/\/schwarzwaldverein-bonndorf.de\/wp-content\/uploads\/2024\/03\/DSC_5270-1.jpg\" alt=\"\" class=\"wp-image-373\" srcset=\"https:\/\/schwarzwaldverein-bonndorf.de\/wp-content\/uploads\/2024\/03\/DSC_5270-1.jpg 2000w, https:\/\/schwarzwaldverein-bonndorf.de\/wp-content\/uploads\/2024\/03\/DSC_5270-1-300x200.jpg 300w, https:\/\/schwarzwaldverein-bonndorf.de\/wp-content\/uploads\/2024\/03\/DSC_5270-1-768x511.jpg 768w, https:\/\/schwarzwaldverein-bonndorf.de\/wp-content\/uploads\/2024\/03\/DSC_5270-1-1536x1022.jpg 1536w, https:\/\/schwarzwaldverein-bonndorf.de\/wp-content\/uploads\/2024\/03\/DSC_5270-1-272x182.jpg 272w\" sizes=\"(max-width: 2000px) 100vw, 2000px\" \/><\/figure>\n<\/div>\n<\/div>\n","protected":false},"excerpt":{"rendered":"<p>Auf den Wegen des Schwarzwaldvereins Das Planen und Markieren von Wanderwegen ist eine wichtige Kompetenz des Schwarzwaldvereins. \u00dcber 23.000 km [&hellip;]<\/p>\n","protected":false},"author":1,"featured_media":0,"parent":143,"menu_order":0,"comment_status":"closed","ping_status":"closed","template":"","meta":{"footnotes":""},"class_list":["post-188","page","type-page","status-publish","hentry","post"],"_links":{"self":[{"href":"https:\/\/schwarzwaldverein-bonndorf.de\/index.php?rest_route=\/wp\/v2\/pages\/188","targetHints":{"allow":["GET"]}}],"collection":[{"href":"https:\/\/schwarzwaldverein-bonndorf.de\/index.php?rest_route=\/wp\/v2\/pages"}],"about":[{"href":"https:\/\/schwarzwaldverein-bonndorf.de\/index.php?rest_route=\/wp\/v2\/types\/page"}],"author":[{"embeddable":true,"href":"https:\/\/schwarzwaldverein-bonndorf.de\/index.php?rest_route=\/wp\/v2\/users\/1"}],"replies":[{"embeddable":true,"href":"https:\/\/schwarzwaldverein-bonndorf.de\/index.php?rest_route=%2Fwp%2Fv2%2Fcomments&post=188"}],"version-history":[{"count":8,"href":"https:\/\/schwarzwaldverein-bonndorf.de\/index.php?rest_route=\/wp\/v2\/pages\/188\/revisions"}],"predecessor-version":[{"id":738,"href":"https:\/\/schwarzwaldverein-bonndorf.de\/index.php?rest_route=\/wp\/v2\/pages\/188\/revisions\/738"}],"up":[{"embeddable":true,"href":"https:\/\/schwarzwaldverein-bonndorf.de\/index.php?rest_route=\/wp\/v2\/pages\/143"}],"wp:attachment":[{"href":"https:\/\/schwarzwaldverein-bonndorf.de\/index.php?rest_route=%2Fwp%2Fv2%2Fmedia&parent=188"}],"curies":[{"name":"wp","href":"https:\/\/api.w.org\/{rel}","templated":true}]}}