{"id":247,"date":"2024-03-12T20:56:41","date_gmt":"2024-03-12T19:56:41","guid":{"rendered":"https:\/\/schwarzwaldverein-bonndorf.de\/?page_id=247"},"modified":"2024-05-20T19:04:40","modified_gmt":"2024-05-20T17:04:40","slug":"heimatpflege","status":"publish","type":"page","link":"https:\/\/schwarzwaldverein-bonndorf.de\/?page_id=247","title":{"rendered":"Heimatpflege"},"content":{"rendered":"\n<p>Unsere Heimat ist reich an Kultur und lebendigen Traditionen, die es wert sind, auch heutzutage eine Rolle zu spielen. Der Schwarzwaldverein will Mitglieder, Einheimische und G\u00e4ste mit dem reichen Erbe unserer Kulturlandschaft vertraut machen. Auch die Bew\u00e4hrungen von kulturellen Zeugnissen der Vergangenheit, wie Denkm\u00e4ler und historische Bauwerke ist eine wichtige Aufgabe.<\/p>\n\n\n\n<p>Zu den Aktivit\u00e4ten und Themen der Heimatpflege z\u00e4hlen:&nbsp;&nbsp;&nbsp; <\/p>\n\n\n\n<ul class=\"wp-block-list\">\n<li>die Erforschung der Heimatgeschichte&nbsp;&nbsp;&nbsp; <\/li>\n\n\n\n<li>Renovierung historischer Geb\u00e4ude und Kleindenkmale&nbsp;&nbsp;&nbsp; <\/li>\n\n\n\n<li>die Einrichtung von Heimatmuseen&nbsp;&nbsp;&nbsp; <\/li>\n\n\n\n<li>Pflege des Brauchtums&nbsp;&nbsp;&nbsp; <\/li>\n\n\n\n<li>Trachten und Volkstanz&nbsp;&nbsp;&nbsp; <\/li>\n\n\n\n<li>Mundartdichtung&nbsp;&nbsp;&nbsp; <\/li>\n\n\n\n<li>Feste und Feiern im Jahreslauf.<\/li>\n<\/ul>\n\n\n\n<p><em><em>Die Ortsgruppe Bonndorf <\/em>k\u00fcmmert sich zuk\u00fcnftig um die Sanierung und den Erhalt der Josefskapelle (K\u00e4ppele) zwischen <\/em>Bonndorf und Boll.Rund um Bonndorf findet man an markanten Punkten von Wegen zahlreiche Granitbl\u00f6cke als Wegweiser. Diese sollen dokumentiert, gereinigt und neu beschriftet werden.Ein weiteres Projekt wird die \u00fcber 400 Jahre alte \u201eUhrenm\u00fchle\u201c bei Holzschlag. Max N\u00e4gele und Emil K\u00fcmmerle durchforsten historische Dokumente, um die Geschichte und Bedeutung dieser M\u00fchle ans Tageslicht zu bringen.<\/p>\n\n\n\n<h2 class=\"wp-block-heading\"><strong>Kapelle Bad Boll<\/strong><\/h2>\n\n\n\n<p>Nach dem bef\u00fcrchteten Abriss ist der Erhalt der Kapelle nun gesichert-mehr allerdings nicht.Im Innern wurde ein Stahlger\u00fcst errichtet aber betreten darf man das kleine Gotteshaus nicht. Die Geschichte der Kapelle, die im Jahr 1889 bgeginnt, will Max N\u00e4gele (Fachwart Heimatpflege) nochmals intensiv beleuchten und dokumentieren.Die Bauarbeiten sind abgeschlossen!<\/p>\n\n\n\n<hr class=\"wp-block-separator has-alpha-channel-opacity\"\/>\n\n\n\n<div class=\"wp-block-query is-layout-flow wp-block-query-is-layout-flow\"><ul class=\"wp-block-post-template is-layout-flow wp-block-post-template-is-layout-flow\"><li class=\"wp-block-post post-464 post type-post status-publish format-standard has-post-thumbnail hentry category-allgemein category-heimatpflege post-with-thumbnail post-with-thumbnail-icon\">\n\n<div class=\"wp-block-columns alignwide is-layout-flex wp-container-core-columns-is-layout-9d6595d7 wp-block-columns-is-layout-flex\">\n<div class=\"wp-block-column is-layout-flow wp-block-column-is-layout-flow\" style=\"flex-basis:66.66%\"><figure class=\"alignleft wp-block-post-featured-image\"><a href=\"https:\/\/schwarzwaldverein-bonndorf.de\/?p=464\" target=\"_self\"  ><img fetchpriority=\"high\" decoding=\"async\" width=\"720\" height=\"380\" src=\"https:\/\/schwarzwaldverein-bonndorf.de\/wp-content\/uploads\/2024\/05\/IMG_2532-edited-scaled-e1715884483610-720x380.jpg\" class=\"attachment-post-thumbnail size-post-thumbnail wp-post-image\" alt=\"Bl\u00fchkreisaktion des SWV Bonndorf in Kooperation mit der Naturparkschule\" style=\"object-fit:cover;\" \/><\/a><\/figure><\/div>\n\n\n\n<div class=\"wp-block-column is-layout-flow wp-block-column-is-layout-flow\" style=\"flex-basis:33.33%\"><h2 class=\"wp-block-post-title\"><a href=\"https:\/\/schwarzwaldverein-bonndorf.de\/?p=464\" target=\"_self\" >Bl\u00fchkreisaktion des SWV Bonndorf in Kooperation mit der Naturparkschule<\/a><\/h2>\n\n<div class=\"wp-block-post-excerpt\"><p class=\"wp-block-post-excerpt__excerpt\">Am vergangenen Mittwoch s\u00e4ten die Sch\u00fclerinnen und Sch\u00fcler der 6. Klasse der Naturparkschule mit ihrer Lehrerin Franziska Haffner gemeinsam mit den Naturschutzwarten des Schwarzwaldvereins, Martin Selz und Martin Scheuble, die Bl\u00fchkreise auf der Wiese vor dem Bildungszentrum ein. <\/p><\/div><\/div>\n<\/div>\n\n<\/li><li class=\"wp-block-post post-402 post type-post status-publish format-standard has-post-thumbnail hentry category-allgemein category-heimatpflege category-wandern post-with-thumbnail post-with-thumbnail-icon\">\n\n<div class=\"wp-block-columns alignwide is-layout-flex wp-container-core-columns-is-layout-9d6595d7 wp-block-columns-is-layout-flex\">\n<div class=\"wp-block-column is-layout-flow wp-block-column-is-layout-flow\" style=\"flex-basis:66.66%\"><figure class=\"alignleft wp-block-post-featured-image\"><a href=\"https:\/\/schwarzwaldverein-bonndorf.de\/?p=402\" target=\"_self\"  ><img decoding=\"async\" width=\"720\" height=\"380\" src=\"https:\/\/schwarzwaldverein-bonndorf.de\/wp-content\/uploads\/2024\/04\/WhatsApp-Image-2024-04-06-at-16.04.53-720x380.jpeg\" class=\"attachment-post-thumbnail size-post-thumbnail wp-post-image\" alt=\"Schluchtputzete Schwarzwaldverein Bonndorf\" style=\"object-fit:cover;\" \/><\/a><\/figure><\/div>\n\n\n\n<div class=\"wp-block-column is-layout-flow wp-block-column-is-layout-flow\" style=\"flex-basis:33.33%\"><h2 class=\"wp-block-post-title\"><a href=\"https:\/\/schwarzwaldverein-bonndorf.de\/?p=402\" target=\"_self\" >Schluchtputzete Schwarzwaldverein Bonndorf<\/a><\/h2>\n\n<div class=\"wp-block-post-excerpt\"><p class=\"wp-block-post-excerpt__excerpt\">Am Samstag, den 1. April traf sich trotz wenig fr\u00fchlingshaften Wetters eine Gruppe unverzagter Mitglieder des Schwarzwaldvereins Bonndorf, um noch [&hellip;] <\/p><\/div><\/div>\n<\/div>\n\n<\/li><li class=\"wp-block-post post-199 post type-post status-publish format-standard has-post-thumbnail hentry category-allgemein category-heimatpflege post-with-thumbnail post-with-thumbnail-icon\">\n\n<div class=\"wp-block-columns alignwide is-layout-flex wp-container-core-columns-is-layout-9d6595d7 wp-block-columns-is-layout-flex\">\n<div class=\"wp-block-column is-layout-flow wp-block-column-is-layout-flow\" style=\"flex-basis:66.66%\"><figure class=\"alignleft wp-block-post-featured-image\"><a href=\"https:\/\/schwarzwaldverein-bonndorf.de\/?p=199\" target=\"_self\"  ><img decoding=\"async\" width=\"720\" height=\"380\" src=\"https:\/\/schwarzwaldverein-bonndorf.de\/wp-content\/uploads\/2024\/03\/DSC_6201-720x380.jpg\" class=\"attachment-post-thumbnail size-post-thumbnail wp-post-image\" alt=\"Der Schwarzwaldverein Bonndorfgeht unter die Rinderhalter\" style=\"object-fit:cover;\" \/><\/a><\/figure><\/div>\n\n\n\n<div class=\"wp-block-column is-layout-flow wp-block-column-is-layout-flow\" style=\"flex-basis:33.33%\"><h2 class=\"wp-block-post-title\"><a href=\"https:\/\/schwarzwaldverein-bonndorf.de\/?p=199\" target=\"_self\" >Der Schwarzwaldverein Bonndorfgeht unter die Rinderhalter<\/a><\/h2>\n\n<div class=\"wp-block-post-excerpt\"><p class=\"wp-block-post-excerpt__excerpt\">Tassilo ist ein Pfundskerl, ein gen\u00fcgsamer Typ. Als Hinterw\u00e4lder Bulle bringt er bis zu 750 Kilogramm auf die Waage. An [&hellip;] <\/p><\/div><\/div>\n<\/div>\n\n<\/li><li class=\"wp-block-post post-250 post type-post status-publish format-standard has-post-thumbnail hentry category-allgemein category-heimatpflege post-with-thumbnail post-with-thumbnail-icon\">\n\n<div class=\"wp-block-columns alignwide is-layout-flex wp-container-core-columns-is-layout-9d6595d7 wp-block-columns-is-layout-flex\">\n<div class=\"wp-block-column is-layout-flow wp-block-column-is-layout-flow\" style=\"flex-basis:66.66%\"><figure class=\"alignleft wp-block-post-featured-image\"><a href=\"https:\/\/schwarzwaldverein-bonndorf.de\/?p=250\" target=\"_self\"  ><img loading=\"lazy\" decoding=\"async\" width=\"720\" height=\"380\" src=\"https:\/\/schwarzwaldverein-bonndorf.de\/wp-content\/uploads\/2024\/03\/MSW9871-720x380.jpg\" class=\"attachment-post-thumbnail size-post-thumbnail wp-post-image\" alt=\"Mehr Aufmerksamkeit f\u00fcrs Kirchlein\" style=\"object-fit:cover;\" \/><\/a><\/figure><\/div>\n\n\n\n<div class=\"wp-block-column is-layout-flow wp-block-column-is-layout-flow\" style=\"flex-basis:33.33%\"><h2 class=\"wp-block-post-title\"><a href=\"https:\/\/schwarzwaldverein-bonndorf.de\/?p=250\" target=\"_self\" >Mehr Aufmerksamkeit f\u00fcrs Kirchlein<\/a><\/h2>\n\n<div class=\"wp-block-post-excerpt\"><p class=\"wp-block-post-excerpt__excerpt\">Der Josefskapelle wird in naher Zukunft mehr Aufmerksamkeit zuteilwerden. Nachdem die Stadt Bonndorf das Waldst\u00fcckchen mitsamt K\u00e4ppele im Jahr 2017 [&hellip;] <\/p><\/div><\/div>\n<\/div>\n\n<\/li><\/ul><\/div>\n","protected":false},"excerpt":{"rendered":"<p>Unsere Heimat ist reich an Kultur und lebendigen Traditionen, die es wert sind, auch heutzutage eine Rolle zu spielen. Der [&hellip;]<\/p>\n","protected":false},"author":1,"featured_media":0,"parent":0,"menu_order":3,"comment_status":"closed","ping_status":"closed","template":"","meta":{"footnotes":""},"class_list":["post-247","page","type-page","status-publish","hentry","post"],"_links":{"self":[{"href":"https:\/\/schwarzwaldverein-bonndorf.de\/index.php?rest_route=\/wp\/v2\/pages\/247","targetHints":{"allow":["GET"]}}],"collection":[{"href":"https:\/\/schwarzwaldverein-bonndorf.de\/index.php?rest_route=\/wp\/v2\/pages"}],"about":[{"href":"https:\/\/schwarzwaldverein-bonndorf.de\/index.php?rest_route=\/wp\/v2\/types\/page"}],"author":[{"embeddable":true,"href":"https:\/\/schwarzwaldverein-bonndorf.de\/index.php?rest_route=\/wp\/v2\/users\/1"}],"replies":[{"embeddable":true,"href":"https:\/\/schwarzwaldverein-bonndorf.de\/index.php?rest_route=%2Fwp%2Fv2%2Fcomments&post=247"}],"version-history":[{"count":6,"href":"https:\/\/schwarzwaldverein-bonndorf.de\/index.php?rest_route=\/wp\/v2\/pages\/247\/revisions"}],"predecessor-version":[{"id":441,"href":"https:\/\/schwarzwaldverein-bonndorf.de\/index.php?rest_route=\/wp\/v2\/pages\/247\/revisions\/441"}],"wp:attachment":[{"href":"https:\/\/schwarzwaldverein-bonndorf.de\/index.php?rest_route=%2Fwp%2Fv2%2Fmedia&parent=247"}],"curies":[{"name":"wp","href":"https:\/\/api.w.org\/{rel}","templated":true}]}}